- -3476. Calculate a(z).
3
Suppose -v - 2*d - 13 = 0, v = -5*d + 7 - 23. Let i(h) = -h**2 - 10*h - 34. Determine i(v).
-45
Let g(h) = h**2 + 4*h - 3. Suppose -13*w = -9*w - 3*i - 546, 5*i = 5*w - 685. Let t = 1 - 0. Let j be (t/(-3))/(9/w). Calculate g(j).
2
Let h(a) = -3*a**2 - 40*a - 15. Let o = -25835 - -25821. What is h(o)?
-43
Suppose 21*k = 634 - 1054. Let j(l) = -l**3 - 20*l**2 + 6*l + 116. Determine j(k).
-4
Let t = 54 + -49. Let w(g) be the first derivative of -g - 3/2*g**2 + 1. Give w(t).
-16
Suppose 19*k - 11 = 46. Let g(i) = -108 - 117 - 115 + 335 - k*i. What is g(7)?
-26
Let i(q) = 5*q**2 + 7*q. Let d(l) = 40*l**2 + 50*l. Let r(b) = -2*d(b) + 15*i(b). Calculate r(1).
0
Let h(t) = -4*t**3 + 11*t**2 + 9*t + 9. Let y = 113 - 118. Let f(i) = -7*i**3 + 20*i**2 + 17*i + 17. Let c(z) = y*h(z) + 3*f(z). What is c(6)?
6
Let f(z) be the third derivative of z**5/60 + z**4/6 - 5*z**3/6 - 3*z**2. Suppose 11*w - 6*w = -435. Let t = w - -81. Give f(t).
7
Let d(c) = 0*c**2 - 3 + 6 + c**2 - 8*c. Let m = 1485 - 1479. Determine d(m).
-9
Let i = 182 + -180. Let s(d) = 2*d - 4*d + d + i*d + 1. Let l(v) = -v**3 - 8*v**2 + 11*v + 12. Let w be l(-9). What is s(w)?
-5
Suppose -n = -2*p + 66, 2*p + 2*n + 36 = 3*p. Let j = p - 28. Let v(u) = -u**2 + 5. What is v(j)?
-11
Suppose 0 = -3*o + 7*o + p + 563, -4*o + p - 557 = 0. Let r = o - -145. Let u(g) = g + 1. Give u(r).
6
Let o(n) be the third derivative of n**6/120 - 7*n**5/60 - 5*n**4/24 - n**3 + 32*n**2. What is o(8)?
18
Let v(q) = -47*q + 572508 - 572618 - 19*q**2 + 17*q**2. Calculate v(-21).
-5
Let z(h) = -12*h + 93. Let x(n) = 11*n - 107. Let v(f) = -3*x(f) - 4*z(f). What is v(3)?
-6
Let a(q) = -11*q + 13. Let b be -6*2/(-4)*-1. Let x(k) = 22*k - 23. Let r(u) = b*x(u) - 5*a(u). What is r(3)?
-29
Let o = -154 + 2820. Suppose -13*g - o = -391. Let f be (-2)/(-9) - g/63. Let a(x) = -x**2 + 4. Calculate a(f).
-5
Let f be 21/(-1)*324/(-126). Let w be ((-899)/(-17) + 28/238)/(-1). Let j = w + f. Let g(y) = 13*y. What is g(j)?
13
Let f(p) = -p**3 - 4*p**2 + 6*p. Let v be (14 - 2) + -25 + 7. What is f(v)?
36
Let s(y) = -y**2 - 4*y - 8. Suppose -4*d - 35*d = 5*d - 220. What is s(d)?
-53
Let b(r) = 3*r**3 + 0*r**3 + 0*r**3 + 42*r**3 - 10*r**2 + 12 - 44*r**3. Calculate b(10).
12
Suppose -8*k + 3*k + 240 = 0. Let l = 44 - k. Let p(s) = s**2 + s - 1. What is p(l)?
11
Suppose 2*r = p + 22 - 16, -r + 3*p - 7 = 0. Let o be 2*(r + 1 - 4). Let t(z) = 13 + o*z + 4 - 16. What is t(-1)?
-3
Let s(c) be the third derivative of c**5/60 + c**3/2 - 2246*c**2. Give s(0).
3
Let j(b) = 3*b**2 - 2*b + 2. Let u(d) be the first derivative of -1/2*d**2 + 26 + d. Let l(m) = j(m) - u(m). Calculate l(1).
3
Let b(p) = -5*p**2 - 5*p + 16. Let y = 3197 + -3202. Determine b(y).
-84
Let d(h) = -h - 1. Suppose 2*w = 7*w - 2*w. Suppose w = 4*y + 8 - 76. Let b be 7/(35/2)*(y - 2). Determine d(b).
-7
Let l(p) = -737 - 10*p - 753 + 1547 + 9*p. Determine l(33).
24
Let i = 7 + -11. Let w(m) = -m - 9. Let l be w(-5). Let g(d) = -1. Let o(x) = x**2 + 5*x + 7. Let p(j) = l*g(j) - o(j). Determine p(i).
1
Let d(a) = -16*a + 5*a + 203 - 186. Give d(1).
6
Suppose -4*f = -3*g - 47, 0 = -4*f + 2*f + 3*g + 31. Let r(z) = -z**3 + 8*z**2 + z - 19. Give r(f).
-11
Let t(b) = -b - 121. Let o(v) = 2*v + 221. Let n(k) = -6*o(k) - 11*t(k). Let q be (-48)/5 - (56/(-35) - -1). What is n(q)?
14
Let l(d) = -999*d**2 - 105 + 32 + 1000*d**2 - 30*d - 61. What is l(34)?
2
Let a(z) = -z**2 + 11*z + 42. Let y be a(12). Suppose l - 2*w + 29 = -20, -5*w = -4*l - 181. Let o = y + l. Let s(i) = i**3 + 9*i**2 + 3. What is s(o)?
3
Let h(c) be the first derivative of -1/2*c**3 + 26 + 30*c - 1/12*c**4 - 3/2*c**2. Let m(v) be the first derivative of h(v). Give m(-2).
-1
Let a(u) = u**2 + 14*u - 23. Let c = 1111 - 1127. Give a(c).
9
Let t(i) be the first derivative of -95 - i + 0*i**2 - 7/4*i**4 + 0*i**3. Give t(-1).
6
Let f(r) = -2*r**3 + 9*r**2 - r - 2. Let o(a) = 15*a**2 - 106*a + 11. Let u be o(7). Determine f(u).
10
Let o = 19 - 23. Let s be (-99)/(-55) + 4/(-5). Let h(d) = -1. Let w(x) = x**2 + 6*x - 4. Let a(f) = s*w(f) - 5*h(f). What is a(o)?
-7
Let a(d) = 4*d + 1. Suppose 8*p + 3 + 53 = 0. Let s be 14/p - (-3 - 12). Suppose -2 = -s*o - 28. Calculate a(o).
-7
Let l(n) = -12675 - 4*n + 12684 + 6*n - 3*n + 5*n. Calculate l(6).
33
Let b(u) = -5*u**2 - 155*u - 9. Let r(z) = -z**2 - 35*z - 2. Let y(h) = 2*b(h) - 9*r(h). Let q(g) = -2*g - 3. Let k be q(-3). What is y(k)?
6
Let n(b) = b**2 + 7*b + 3. Suppose 2*t + 5*i - 814 = 0, -798 = t - 3*t - i. Let o = t - 404. Determine n(o).
3
Suppose -4*f + 5*g = -32, -123*g - 4 = -122*g. Let d(i) = 0*i**2 - i**2 - 6*i + 2*i**2 - 2. Give d(f).
-11
Let d(t) = t**2 - 17*t - 58. Suppose 16*p - 78*p + 1119 = -121. Determine d(p).
2
Let a(p) = -15*p**2 - 19*p - 95. Let u(z) = -13*z**2 - 17*z - 80. Let x(j) = -6*a(j) + 7*u(j). Calculate x(-6).
4
Let l = 39 - 54. Let r(k) = -k**3 - 14*k**2 + 14*k - 10. Let v be r(l). Let m(t) = -2*t + 5*t - 3 - 2*t + v. Determine m(-8).
-6
Let a(m) = -18*m**2 + m - 1. Let s be 5 + (-10)/(1 + 4). Suppose -2*v - l - s*l = -186, -4*v - l = -365. Let o = v - 90. Determine a(o).
-18
Let w(j) = j**2 + 10*j + 4. Let b(n) = 3*n**2 - 14*n - 6. Let c be b(6). Suppose -c = z - 7*z. Suppose -z*v = -11*v - 80. What is w(v)?
4
Let h(m) be the third derivative of -m**4/3 + 2*m**2. Let g be h(-2). Let p(w) = -16 + 27 + w - g. Determine p(-5).
-10
Let t = 3630 - 3630. Let u(l) = 3*l**2 + 2*l + 26. What is u(t)?
26
Let b(m) = 450 + 3*m - 5*m**2 - 152 - 10*m**2 - 150 - 152. What is b(3)?
-130
Let c(k) = -k**2 - 4*k. Suppose 12*o = 7*o + 10. Suppose -o*z = 2*z - m + 16, z = 2*m - 4. Determine c(z).
0
Let k(g) = -2 + 2 + 7 - g - 1. Suppose 0 = 13*b + 309 + 172. Let l = b + 40. Determine k(l).
3
Let w be (1 - 16/1)/(-240 - -237). Let i(u) = 7*u**2 - u + 2. Let g be i(1). Let p(y) = 7 + g - 3*y - 8. What is p(w)?
-8
Let m(i) = -32*i + 34. Let z(s) = 62*s - 61. Let f(c) = 15*m(c) + 8*z(c). Give f(-2).
-10
Let y(v) = -10*v - 87. Let a(x) = 19*x + 149. Let d(z) = 4*a(z) + 7*y(z). Calculate d(-4).
-37
Let f = 6 - 4. Suppose -2*w - 6 = -5*u, -w - 3*u + 22 = 14. Let b(z) = -1 - 1 + w - f + z. What is b(2)?
0
Suppose 3*v + 1995 = 4*x, 16*x = 13*x + 4*v + 1498. Let i = -500 + x. Let c(t) = 2*t**2 + 2*t. What is c(i)?
4
Let c(m) = -387 + 181 + 0*m + 4*m + 173. Give c(19).
43
Suppose -22*i - 272 + 87 = 15*i. Let n(b) = 2*b - 6. Let s be n(4). Let o(x) = -9 + 5*x + x**s - 2*x + 3. What is o(i)?
4
Let u be (-5)/((-35)/(-4)) + (-302560)/17360. Let a(b) = b + 26*b**2 - 5*b**2 + b**3 + 19 - 3*b**2. Calculate a(u).
1
Suppose 3*y + 71 = 2*j + 69, -2*y - 2 = -j. Let f(g) = -28*g**2 + 4. Give f(j).
-108
Let m(b) = b**3 - 9*b**2 - 4*b. Let w(k) = 2*k**3 - 12*k**2 - 2*k + 3. Let h(i) = m(i) - w(i). Suppose 4*o + 6 = 5*u + 2, 0 = 2*o - 8. Determine h(u).
-27
Suppose 3*u + t = 2, -4*u + 0*t + 4*t = -8. Let g(h) be the third derivative of -2*h**6/15 - h**4/24 + h**3/6 + 76680*h**2. Give g(u).
-16
Let u(b) = b**2 - 6*b + 74. Let o(g) = g + 6. Let i(q) = -7*o(q) + u(q). Determine i(12).
20
Suppose 3*n - y + 14 = 0, 24 + 8 = -4*n + 4*y. Let u(i) = 67*i - 6. Let w(s) = 895*s - 80. Let a(t) = 40*u(t) - 3*w(t). What is a(n)?
15
Let b(u) = -3*u + 165. Let d(s) = s**3 + 16*s**2 - 32*s + 531. Let x be d(-19). Calculate b(x).
-3
Let h be 6/(-5)*325/26. Let t be (13/(-65) + (-13)/h)*3. Suppose j - 2*f + t = 1, 0 = 2*j + 2*f + 14. Let z(u) = u**3 + 6*u**2 + 5*u - 1. Calculate z(j).
-1
Let w(l) = 2*l**3 + 46*l**2 + 85*l + 21. Let t be w(-21). Let h(b) = 10*b - 6. What is h(t)?
-6
Let z(p) = 2*p**2 - 9*p + 13. Let n be z(4). Let f(g) = -n - 10 + 2*g + 18. Suppose 0*u + 13 = 2*u - 3*b, -5*u + 3*b + 19 = 0. What is f(u)?
3
Let s(b) = 7*b**3 + 11*b**2 + 6*b - 1. Let w = -203 + 209. Let q(i) = -i**3 - i**2 - i. Let n(j) = w*q(j) + s(j). What is n(-4)?
15
Suppose 0 = 2*y - 5*c + 12, -2*y = 2*c + 3*c - 8. Let a be (2 + -3 + 1)*y. Let n(d) be the third derivative of -d**4/24 + 17*d**3/6 - 721*d**2. Give n(a).
17
Let y(h) = -3*h - 4. Let b(m) = -m**2 + 3*m + 1. Let j(g) = g**2 - 3*g. Let z(v) = 5*b(v) + 4*j(v). Let w(c) = 3*y(c) + 2*z(c). What is w(-1)?
-1
Let q(v) be the first derivative of -v**2/2 - 6*v + 3. Suppose 5*x - 3*j = 14, 0 = 5*x + 4*j - 28. Let k be (-44)/x - (1 + -5).